{"id":135,"date":"2023-07-28T21:38:23","date_gmt":"2023-07-29T00:38:23","guid":{"rendered":"https:\/\/cromatec.com.br\/?post_type=product&#038;p=135"},"modified":"2023-07-31T11:29:14","modified_gmt":"2023-07-31T14:29:14","slug":"gard-column-protection-system","status":"publish","type":"product","link":"https:\/\/cromatec.com.br\/index.php\/product\/gard-column-protection-system\/","title":{"rendered":"GARD\u2122\u00a0COLUMN PROTECTION SYSTEM"},"content":{"rendered":"<p>Utiliza um material apropriado para proteger a coluna anal\u00edtica, o sistema de prote\u00e7\u00e3o por permuta cati\u00f4nica, permite que o analito transite livremente pela coluna, sem interferir nos resultados.<\/p>\n<p>Prolonga significativamente a vida \u00fatil da coluna, sem espalhar banda ou press\u00e3o adicional.<\/p>\n","protected":false},"excerpt":{"rendered":"<p>Utiliza um material apropriado para proteger a coluna anal\u00edtica, o sistema de prote\u00e7\u00e3o por permuta cati\u00f4nica, permite que o analito transite livremente pela coluna, sem interferir<span class=\"excerpt-hellip\"> [\u2026]<\/span><\/p>\n","protected":false},"featured_media":136,"comment_status":"open","ping_status":"closed","template":"","meta":[],"product_cat":[42],"product_tag":[],"_links":{"self":[{"href":"https:\/\/cromatec.com.br\/index.php\/wp-json\/wp\/v2\/product\/135"}],"collection":[{"href":"https:\/\/cromatec.com.br\/index.php\/wp-json\/wp\/v2\/product"}],"about":[{"href":"https:\/\/cromatec.com.br\/index.php\/wp-json\/wp\/v2\/types\/product"}],"replies":[{"embeddable":true,"href":"https:\/\/cromatec.com.br\/index.php\/wp-json\/wp\/v2\/comments?post=135"}],"wp:featuredmedia":[{"embeddable":true,"href":"https:\/\/cromatec.com.br\/index.php\/wp-json\/wp\/v2\/media\/136"}],"wp:attachment":[{"href":"https:\/\/cromatec.com.br\/index.php\/wp-json\/wp\/v2\/media?parent=135"}],"wp:term":[{"taxonomy":"product_cat","embeddable":true,"href":"https:\/\/cromatec.com.br\/index.php\/wp-json\/wp\/v2\/product_cat?post=135"},{"taxonomy":"product_tag","embeddable":true,"href":"https:\/\/cromatec.com.br\/index.php\/wp-json\/wp\/v2\/product_tag?post=135"}],"curies":[{"name":"wp","href":"https:\/\/api.w.org\/{rel}","templated":true}]}}