{"id":151,"date":"2023-07-31T10:54:15","date_gmt":"2023-07-31T13:54:15","guid":{"rendered":"https:\/\/cromatec.com.br\/?post_type=product&#038;p=151"},"modified":"2023-07-31T11:26:34","modified_gmt":"2023-07-31T14:26:34","slug":"chromatographic-grade","status":"publish","type":"product","link":"https:\/\/cromatec.com.br\/index.php\/product\/chromatographic-grade\/","title":{"rendered":"Chromatographic Grade"},"content":{"rendered":"<p>O reagente TRIONE\u00ae Ninhydrin foi especificamente formulado para an\u00e1lises de amino\u00e1cidos. Ele cont\u00e9m Ninhydrin, Hydrindantin (Ninhydrin reduzida), tamp\u00e3o de acetato de l\u00edtio, e Sulfolane &#8211; solvente org\u00e2nico misc\u00edvel em \u00e1gua. O solvente \u00e9 necess\u00e1rio para manter a solubilidade da Hydrindantin e o produto da amina prim\u00e1ria, Ruhemann\u2019s Purple. O tamp\u00e3o \u00e9 necess\u00e1rio porque a rea\u00e7\u00e3o depende do pH.\u00a0Os ingredientes ativos do reagente TRIONE\u00ae, Ninhydrin e Hydrindantin s\u00e3o necess\u00e1rios para um bom desenvolvimento das aminas prim\u00e1rias e secund\u00e1rias, respectivamente.<\/p>\n<p>TRIONE\u00ae \u00e9 t\u00e3o est\u00e1vel que n\u00e3o requer refrigera\u00e7\u00e3o no transporte ou armazenamento. A quantifica\u00e7\u00e3o \u00e9 consistente do primeiro ao \u00faltimo mL, ent\u00e3o n\u00e3o h\u00e1 desperd\u00edcio. A alta taxa sinal\/ru\u00eddo do TRIONE\u00ae, quando comparado com o DMSO \u2014 contendo reagentes, permitem que a sensibilidade de detec\u00e7\u00e3o seja aumentada com pouco ru\u00eddo de fundo \u2014 uma caracter\u00edstica particular apreciada em amostras com concentra\u00e7\u00e3o de pico menor que 50 mols.<\/p>\n<p>&nbsp;<\/p>\n<p><strong>Duas prepara\u00e7\u00f5es est\u00e3o dispon\u00edveis para seu uso e armazenamento:<\/strong><\/p>\n<p><em><strong>T100\/T100C<\/strong><\/em><\/p>\n<p>\u2022 Despeje em seu reservat\u00f3rio e use o melhor em conveni\u00eancia com um m\u00ednimo de manipula\u00e7\u00e3o.<br \/>\n\u2022 3 meses* de validade.<\/p>\n<p><em><strong>T200<\/strong><\/em><br \/>\n\u2022 Combine as duas solu\u00e7\u00f5es, agite e use.<br \/>\n\u2022 12 meses ap\u00f3s a data de fabrica\u00e7\u00e3o de validade antes da mistura e 1 m\u00eas no reservat\u00f3rio.<\/p>\n<p>&nbsp;<\/p>\n<table class=\"table table-inverse\">\n<tbody>\n<tr>\n<td><strong>CAT\u00c1LOGO INFORMATIVO DO REAGENTE TRIONE\u00ae NINHYDRIN<\/strong><\/td>\n<\/tr>\n<tr>\n<td><strong>CAT\u00c1LOGO NO.<\/strong><\/td>\n<td><strong>DESCRI\u00c7\u00c3O<\/strong><\/td>\n<td><strong>QUANTIDADE<\/strong><\/td>\n<\/tr>\n<tr>\n<td>T100<\/td>\n<td>Reagente TRIONE\u00ae Ninhydrin (3 meses* de garantia)<\/td>\n<td>cada ( 950 mL\/fransco)<\/td>\n<\/tr>\n<tr>\n<td>T100C<\/td>\n<td>Reagente TRIONE\u00ae Ninhydrin (3 meses* de garantia)<\/td>\n<td>caixa com 4\u00a0(950 mL\/bottle)<\/td>\n<\/tr>\n<tr>\n<td>T200<\/td>\n<td>Reagente TRIONE\u00ae Two-part Ninhydrin<br \/>\n(12-meses* de garantia antes da mistura)<\/td>\n<td>preparar caixa com 4 (900 mL\/frasco)<\/td>\n<\/tr>\n<\/tbody>\n<\/table>\n","protected":false},"excerpt":{"rendered":"<p>O reagente TRIONE\u00ae Ninhydrin foi especificamente formulado para an\u00e1lises de amino\u00e1cidos. Ele cont\u00e9m Ninhydrin, Hydrindantin (Ninhydrin reduzida), tamp\u00e3o de acetato de l\u00edtio, e Sulfolane &#8211; solvente<span class=\"excerpt-hellip\"> [\u2026]<\/span><\/p>\n","protected":false},"featured_media":152,"comment_status":"open","ping_status":"closed","template":"","meta":[],"product_cat":[40],"product_tag":[],"_links":{"self":[{"href":"https:\/\/cromatec.com.br\/index.php\/wp-json\/wp\/v2\/product\/151"}],"collection":[{"href":"https:\/\/cromatec.com.br\/index.php\/wp-json\/wp\/v2\/product"}],"about":[{"href":"https:\/\/cromatec.com.br\/index.php\/wp-json\/wp\/v2\/types\/product"}],"replies":[{"embeddable":true,"href":"https:\/\/cromatec.com.br\/index.php\/wp-json\/wp\/v2\/comments?post=151"}],"wp:featuredmedia":[{"embeddable":true,"href":"https:\/\/cromatec.com.br\/index.php\/wp-json\/wp\/v2\/media\/152"}],"wp:attachment":[{"href":"https:\/\/cromatec.com.br\/index.php\/wp-json\/wp\/v2\/media?parent=151"}],"wp:term":[{"taxonomy":"product_cat","embeddable":true,"href":"https:\/\/cromatec.com.br\/index.php\/wp-json\/wp\/v2\/product_cat?post=151"},{"taxonomy":"product_tag","embeddable":true,"href":"https:\/\/cromatec.com.br\/index.php\/wp-json\/wp\/v2\/product_tag?post=151"}],"curies":[{"name":"wp","href":"https:\/\/api.w.org\/{rel}","templated":true}]}}